t + 3*l + 214, 0 = t - 3*l - 104. What is the hundreds digit of t?
1
Let i(c) = -13*c - 65. Let k(q) = -3*q - 16. Let z(t) = 2*i(t) - 9*k(t). What is the units digit of z(-7)?
7
What is the tens digit of 147/3 - (-3 + 3)?
4
Let w(i) = -i**3 - 2*i - 3. Let s be w(-2). Suppose a - s = 29. What is the units digit of a?
8
Let r = -34 - -55. What is the tens digit of r?
2
Suppose 2*n + 0*n = -3*m + 111, -5*n + 3*m + 330 = 0. What is the units digit of n?
3
Suppose -2*z - 5 = -13. What is the units digit of z?
4
Suppose 4*j + 204 = 2*v - 546, -4*v + 1525 = -3*j. What is the units digit of v?
5
Let g = 241 + -131. Let x be (-3 + 1)*g/(-5). Suppose 3*s - x = -4*h, s = 2*h - 6*h + 36. What is the units digit of h?
8
Suppose -4*b + 11 = j, 4*b - 2*j + 7*j = 23. Suppose -b*a = -21 - 13. What is the units digit of a?
7
Let o(n) = -n**3 + 5*n**2 - 3*n - 4. Let r be o(3). Suppose 3*y + 3 = 2*h + 33, -r*h = 5*y - 75. What is the units digit of y?
2
Let m be (2 - (3 - 0))*4. Let z = m - -5. What is the units digit of z?
1
What is the tens digit of ((-72)/(-10))/(8/60)?
5
Suppose 0 = 4*x - 92 - 88. Suppose 0 = -3*s + x - 3. What is the units digit of 1/4 + s/8?
2
Let h(y) = -y + 9. Let a be h(5). Suppose a*p - 47 = 3*p. What is the units digit of p?
7
Suppose -5*y - 310 = -3*l, 2*y - 6*y - 115 = -l. What is the tens digit of l?
9
Suppose -223 = -3*z + 197. What is the tens digit of z?
4
Suppose u - 2*u = 0. Suppose n + u*j = 4*j - 5, -n = -3*j. What is the units digit of 12/1*10/n?
8
Suppose -4*i + 20 = -68. What is the units digit of i?
2
Let a(o) = -o**3 - 4*o**2 - 3*o - 4. Suppose -5*v - 19 = 6. Let s be a(v). What is the units digit of (-6)/s + (-103)/(-6)?
7
Suppose i - 87 = 5*x, 0 = 3*i - 0*i + 2*x - 312. Suppose 3*g = g - 2*y + i, -10 = 2*y. What is the units digit of g?
6
Suppose 0 = -2*o - 4*t + 36, -o - 33 = -4*o + t. What is the units digit of o?
2
Let f be (1/3)/((-5)/(-465)). Let y = f + -8. What is the units digit of y?
3
Let l(f) = -f**2 + 9*f + 14. Suppose -3*c + 40 = c. Let w be l(c). Suppose -2*h - 10 = -z + 4, 4*z - w = -5*h. What is the units digit of z?
6
Let g be -31*((1 - 0) + 0). Let t = 20 + g. Let c = 16 + t. What is the units digit of c?
5
Let s be 96/18 - (0 - -2)/6. Suppose -8 = 4*x + 4*n, n - 3*n = 5*x + 7. What is the tens digit of ((-32)/10)/(x/s)?
1
Let b(s) = 2*s. Let x be b(2). Suppose -20 + 56 = x*q. Suppose -o - y - y = -q, o - 5*y - 2 = 0. What is the units digit of o?
7
Let u be (-14)/((-1)/((-7)/(-2))). Let j = u - 24. What is the units digit of j?
5
Let m(n) = n**2 - n - 10. Let b be m(-8). Let z = b - 43. What is the tens digit of z?
1
Suppose -2*j - j = -2*b - 8, 3*b = 15. Suppose -17 - j = -k. Let q = k - 13. What is the tens digit of q?
1
Let k be (1 + 21/(-15))*-5. Let y(x) = -x + 0*x + k*x - 2*x + 24. What is the units digit of y(10)?
4
Suppose 3*t - 4*t = -19. What is the tens digit of t?
1
What is the tens digit of ((-27)/6)/(3/(-10))?
1
Suppose 0 = -4*y + 1 + 11. Suppose 0 = 2*k - k - y*h - 3, -h - 67 = -4*k. What is the tens digit of k?
1
Let a(r) = -3*r + 0 + 0 + 2 - 1. What is the units digit of a(-3)?
0
Let n(p) = 5*p**2 - p. Let t be n(-1). Suppose t*z - 90 = z. What is the tens digit of z?
1
Suppose -4*g - 142 = -4*c + 3*c, -3*c + 415 = -g. Suppose 6 - c = -4*v - 4*s, 0 = -5*s + 20. What is the tens digit of v?
2
Let v(b) = 4*b - 3*b + 0 + 9. What is the units digit of v(-7)?
2
Let m(a) = -4*a - 4. What is the units digit of m(-15)?
6
Let u(v) = 7*v + 10. Let a(f) = -f - 1. Let j(x) = -6*a(x) - u(x). What is the units digit of j(-8)?
4
Suppose 4*t + v + 2*v + 9 = 0, -3*t - 4*v - 12 = 0. Suppose t = -3*s + 5*b + 7 + 31, -2*s - 2*b = -20. What is the units digit of s?
1
Let u(m) be the first derivative of 1/3*m**3 - 1 + 1/2*m**2 + m. What is the units digit of u(0)?
1
Let r(s) = s**3 + 17*s**2 - 18*s. Let c be r(-18). Suppose h - 41 + 17 = c. What is the units digit of h?
4
Let d = -6 + 6. Let o be (6/(-4))/3*4. Let a = d - o. What is the units digit of a?
2
Let p(d) = -d**2 - 7*d - 5. Let o(t) = -t**3 + 3*t**2 + 4*t - 6. Let j be o(4). Let c(z) = -z**2 - 5*z. Let x be c(j). What is the units digit of p(x)?
1
Suppose -4*r - 5*g + 22 = 0, r + 3*g - 11 = -g. Suppose 4*z - z - r*i + 36 = 0, 4*z + 56 = -4*i. Let b = z - -20. What is the units digit of b?
7
Let w(d) = 4 + 2 + 6*d + d**2 - 4. Let g(o) = o**3 + 16*o**2 - 18*o - 23. Let r be g(-17). What is the units digit of w(r)?
2
Let v(n) = n**3 - 6*n**2 - 2*n - 1. Let i be v(6). What is the units digit of 3/6 + i/(-2)?
7
Suppose -7 = -4*j + 5. Suppose -27 = 2*t - j*t. Let s = 41 - t. What is the units digit of s?
4
Let k = 41 - 6. Suppose 32 = 5*g - 3*l, 2*g + 4*l + 3 = -5. Suppose -g*y - y = -k. What is the units digit of y?
7
Let b(m) = -m**2 - 5*m. Let i be 0 + -3 - 1/1. What is the units digit of b(i)?
4
Let q = 10 - -64. What is the tens digit of q?
7
Let f(a) = 13*a**2 + 2*a - 1. Let i be f(1). Let v be (11 + 1)/(21/i). What is the tens digit of (-126)/(-8) + (-6)/v?
1
Let j(v) = v**3 + 2*v**2 + 2*v - 4. What is the tens digit of j(3)?
4
Let z(y) be the third derivative of y**5/30 - 5*y**4/24 + 7*y**3/6 + y**2. What is the tens digit of z(5)?
3
Let d be -1 - 1/((-1)/6). Suppose -5*c - d + 0 = 0. Let p = c + 17. What is the units digit of p?
6
Suppose -2*k = 4*p - 8, 0 = -5*k - 3*p + 33 + 15. What is the tens digit of k?
1
Let o(x) = x**3 - 2*x**2 + 8*x - 8. What is the tens digit of o(4)?
5
Suppose -6*r - 39 = -159. What is the tens digit of r?
2
Let j(c) be the first derivative of c**3/3 + 3*c**2/2 + 4*c + 1. Suppose -4*u - 16 = -4. What is the units digit of j(u)?
4
Let q(w) = -w**2 + w - 1. Let g be q(2). Let x(c) = -7*c - 2. What is the units digit of x(g)?
9
What is the tens digit of 1 - (16/24 + 1270/(-6))?
1
Suppose 3*x - 260 = -5*h, 5*x - h = 2*x + 236. What is the units digit of x?
0
Let u(g) = 2*g**3 - 4*g**2 + g - 1. Let c be u(3). Let a = c + -11. What is the units digit of a?
9
Let i be 1/(-3)*-3 - -2. Suppose 5 = -5*u - 0*u. What is the units digit of u*(78/i)/(-2)?
3
Let k(c) = -c**2 - 12*c. Let g be -12 - (-2 + -1 - -2). What is the units digit of k(g)?
1
Suppose -13 + 58 = -5*i. Let x = 16 + i. Suppose -x = -m - 0*m. What is the units digit of m?
7
Let z = 37 - 22. What is the units digit of z?
5
Let a(d) = -4*d**3 + d + 1. Let n be a(2). What is the units digit of -3*(-4)/12 - n?
0
Let j be -3 - (3 - 19) - 2. Suppose -u + j = 4*z, -3*u + 13 = 5*z - 13. What is the units digit of (-6)/(-21) - (-26)/u?
4
Let k = 3 + -3. Suppose 2*s - 15 = 5*q, -3*s = -4*s + 5*q + 10. Suppose 0 = -s*l - k*l + 35. What is the units digit of l?
7
What is the units digit of (-6)/4 + (3375/6)/9?
1
Let t = -4 + 4. Let c = t - -15. What is the units digit of c?
5
What is the units digit of (-9)/(63/(-562)) + (-2)/7?
0
Let k be (4/(-2) - -1) + 5. Suppose -k*y - 8 = 0, 0 = 2*v + 3*v + 4*y - 42. What is the tens digit of v?
1
Let p(x) = 11*x**2 - x. Let l be p(1). Let q = l - 4. Suppose 0 = -4*z + 2 + q. What is the units digit of z?
2
Let x(l) = -l**2 + 9*l - 9. What is the tens digit of x(5)?
1
Suppose 915 = 5*j - 2*d + 4*d, 0 = 2*j + d - 366. What is the tens digit of j?
8
What is the units digit of 1/(-3) - 272/(-6)?
5
Let g = -4 + 6. Let k = g - -19. Let y = k + -13. What is the units digit of y?
8
Suppose -3*x = 2 + 16. Let d(u) = -u**2 - 9*u - 8. What is the units digit of d(x)?
0
Let b(j) = j**3 + 7*j**2 - 8*j + 1. What is the units digit of b(-8)?
1
Let k(j) = 58*j + 1. What is the units digit of k(1)?
9
Suppose -4*p + 14 - 2 = 0. Let h(y) = y**2 + 2*y - 6. Let i(o) = -2*o**2 - 3*o + 11. Let t(d) = 11*h(d) + 6*i(d). What is the units digit of t(p)?
3
Let c(n) = -n**2 - 13*n - 13. Let f be c(-10). Let m = f - 10. What is the units digit of m?
7
Let w be (-3 - 7)/((-2)/(-4)). What is the tens digit of ((-188)/6)/(w/30)?
4
Let p be 70*((-15)/(-6))/(-5). What is the units digit of 14/4*(-20)/p?
2
Suppose -17 = -b + 16. What is the tens digit of b?
3
Let h(w) = w + 1. Let x be h(8). Let m = x - 2. What is the units digit of m?
7
Suppose -v + 30 = 2*v. What is the units digit of v?
0
Suppose 0 = 7*w - 2*w - 260. Let p = w - 30. What is the units digit of p?
2
Suppose 43 + 72 = 5*l. Suppose 0 = u - i - l, 86 = 3*u + u - 2*i. What is the units digit of (1/4)/